20 and 5709540?
2580
What is the highest common factor of 94414576 and 112?
16
What is the greatest common factor of 25041 and 2694117?
1473
What is the highest common factor of 218898 and 153?
9
Calculate the highest common factor of 3476 and 1465924.
316
What is the highest common factor of 2539967008 and 9173?
9173
Calculate the highest common factor of 2331 and 5220495.
63
Calculate the highest common divisor of 1271256 and 378.
42
Calculate the highest common divisor of 217604275 and 55400.
6925
What is the highest common divisor of 212 and 27348212?
212
What is the highest common factor of 37975 and 1574125?
1225
Calculate the highest common divisor of 26418 and 9114.
42
Calculate the highest common factor of 61586 and 5340386.
8798
Calculate the highest common divisor of 216 and 122790.
6
Calculate the greatest common divisor of 2181 and 744961989.
2181
What is the highest common factor of 139 and 4598164202?
139
Calculate the highest common divisor of 26 and 4652167.
13
Calculate the greatest common divisor of 22515493 and 2002.
1001
What is the highest common divisor of 23335648 and 800?
32
What is the greatest common factor of 7564073 and 5324?
1331
Calculate the highest common divisor of 15 and 767320.
5
What is the highest common factor of 122343 and 2886?
39
Calculate the highest common divisor of 48575 and 25225.
25
What is the highest common divisor of 113 and 31479?
1
What is the highest common divisor of 49968 and 14085?
9
Calculate the greatest common factor of 1188 and 245245.
11
Calculate the greatest common divisor of 8778 and 15015198.
66
Calculate the greatest common divisor of 32808454 and 3654.
406
What is the greatest common divisor of 9119 and 407?
11
Calculate the greatest common divisor of 3580080 and 720.
240
Calculate the highest common factor of 3040 and 123680.
160
What is the greatest common factor of 4713940 and 12845?
35
What is the greatest common factor of 1050 and 32457705?
105
Calculate the highest common divisor of 1359 and 36434488.
151
What is the greatest common divisor of 59 and 282531058?
59
What is the greatest common factor of 113886 and 1258902?
3078
Calculate the highest common factor of 217 and 407668352.
217
Calculate the highest common factor of 189052 and 803784.
1252
Calculate the highest common divisor of 17577 and 12624471.
837
What is the greatest common divisor of 284198080 and 930?
310
What is the highest common factor of 741 and 17466947?
19
Calculate the highest common divisor of 123305 and 2121.
7
What is the highest common divisor of 9624881 and 140?
7
What is the greatest common divisor of 688 and 212068?
4
What is the highest common factor of 1680 and 11253648?
336
Calculate the highest common factor of 5076 and 22208346.
846
Calculate the greatest common divisor of 180967 and 5724011.
2479
Calculate the greatest common factor of 429 and 8783775.
429
What is the highest common factor of 772 and 78340244?
772
What is the highest common factor of 14836121 and 158?
79
What is the highest common factor of 46556444 and 1204?
172
Calculate the greatest common divisor of 9800 and 489116.
4
Calculate the highest common factor of 1096 and 53684546.
274
Calculate the greatest common factor of 10829734 and 304.
38
What is the highest common factor of 1 and 275573?
1
What is the highest common factor of 80 and 13891460?
20
Calculate the greatest common divisor of 252 and 10253268.
36
Calculate the greatest common divisor of 963339 and 204.
51
What is the highest common divisor of 7480641 and 189?
21
What is the highest common factor of 4469 and 1326247254?
4469
What is the greatest common factor of 73520467 and 41383?
1427
Calculate the greatest common factor of 5584 and 8092432.
16
What is the highest common divisor of 10276 and 167706?
14
What is the greatest common divisor of 12 and 3081264?
12
What is the highest common divisor of 820326 and 13182?
1014
Calculate the highest common divisor of 8200 and 725864.
328
What is the highest common factor of 10150503 and 36157?
209
What is the greatest common factor of 97478 and 6804794?
2074
What is the greatest common divisor of 2204006 and 210?
14
Calculate the greatest common factor of 898172 and 3874.
298
What is the greatest common divisor of 13228617 and 342?
57
What is the greatest common factor of 393798563 and 41?
41
What is the highest common factor of 132315 and 3480?
15
What is the highest common factor of 259328 and 7091?
1013
What is the greatest common factor of 3473 and 447262?
151
Calculate the highest common divisor of 39535991 and 31537.
671
What is the highest common divisor of 36129232 and 118388?
6964
What is the highest common divisor of 2869332 and 60?
12
What is the greatest common factor of 310381 and 27008?
211
Calculate the greatest common factor of 3266 and 173916133.
1633
What is the greatest common factor of 181927526 and 42416?
5302
What is the greatest common factor of 3973 and 11800906?
137
What is the greatest common divisor of 2261 and 44156532?
133
Calculate the highest common divisor of 58773568 and 64.
64
What is the highest common divisor of 109 and 97624760?
109
Calculate the highest common factor of 37065 and 876045.
15
What is the highest common factor of 34348 and 224647?
277
Calculate the greatest common divisor of 10450 and 21110045.
1045
Calculate the highest common divisor of 11000 and 11230120.
440
What is the greatest common factor of 12637562 and 117184?
3662
Calculate the greatest common divisor of 46330 and 1365605.
565
Calculate the highest common divisor of 215575 and 330725.
25
What is the greatest common divisor of 254925 and 15147?
99
What is the highest common divisor of 20982 and 1364704250?
6994
What is the highest common factor of 2958988 and 1474?
134
Calculate the greatest common divisor of 480293 and 50666.
517
What is the greatest common factor of 1104 and 9120?
48
What is the greatest common divisor of 1165232 and 5472?
304
What is the greatest common factor of 2366476 and 108394?
758
What is the highest common divisor of 6153 and 166929?
21
Calculate the greatest common divisor of 333188147 and 20647.
1877
Calculate the highest common factor of 55 and 603951480.
55
What is the greatest common divisor of 18205276 and 472?
236
What is the highest common divisor of 2632591 and 1073?
29
What is the greatest common divisor of 7184 and 1385614?
898
What is the greatest common factor of 2946304 and 5644?
68
Calculate the highest common factor of 895612260 and 2820.
2820
Calculate the highest common divisor of 11323 and 1085333.
67
What is the highest common divisor of 999 and 13878441?
333
What is the greatest common divisor of 85 and 961902415?
85
Calculate the highest common divisor of 1299905 and 38335.
3485
Calculate the highest common factor of 825550 and 1100.
550
What is the greatest common divisor of 302211 and 47034?
351
What is the greatest common factor of 2698 and 1386709946?
2698
What is the greatest common factor of 2344612 and 16?
4
What is the greatest common factor of 8757279 and 36?
9
Calculate the highest common divisor of 2200079 and 5159.
469
What is the greatest common factor of 6666540 and 420?
60
Calculate the greatest common divisor of 5493057 and 814629.
4551
Calculate the highest common divisor of 75187 and 543053.
161
Calculate the highest common factor of 27935494 and 146.
146
What is the greatest common factor of 31027 and 41897881?
1633
What is the highest common factor of 175 and 368208625?
25
Calculate the highest common divisor of 795512305 and 1225.
245
What is the greatest common divisor of 1592 and 11806471?
199
What is the highest common divisor of 3414619 and 3206?
229
Calculate the greatest common divisor of 377720739 and 4534.
2267
Calculate the greatest common divisor of 13391840 and 9240.
3080
What is the greatest common divisor of 8041468 and 4?
4
Calculate the highest common divisor of 4512 and 17033552.
752
Calculate the greatest common factor of 2992 and 5685504.
176
What is the greatest common divisor of 39131 and 536280?
109
Calculate the greatest common divisor of 18197500 and 1000.
500
What is the greatest common factor of 35148 and 333168?
12
What is the greatest common factor of 1457816 and 5960?
1192
What is the greatest commo